s(r) = 3*r + 48. Let f(k) = -4*g(k) + 5*s(k). What is the remainder when 231 is divided by f(18)?
23
Let t = 86 + -330. Let b = t + 249. Suppose 0 = -5*c, 4*u - 64 = -c - c. Calculate the remainder when u is divided by b.
1
Let p = 1564 - 1554. What is the remainder when 96 is divided by p?
6
Let h(j) = -j**3 + 9*j**2 + 11*j - 28. Let b = 117 + -109. Calculate the remainder when h(b) is divided by 21.
19
Let b = 372 - 216. Calculate the remainder when b is divided by 53.
50
Let f(a) = -2*a - 2. Let s(r) = -r + 8. Let t be s(6). Suppose d = -t*d - 24. What is the remainder when f(d) is divided by 8?
6
Let d = 231 + -172. What is the remainder when d is divided by 15?
14
Suppose 2*q + 0*q - 5*w = 30, w = 0. Suppose 5 = -5*h, -3*f + 0 + 2 = -2*h. Suppose f*x + 8 = 2*x. Calculate the remainder when q is divided by x.
3
Suppose 10*y - 7*y - 1215 = 0. Suppose b + 5*s = -2*b + 325, -4*b = s - y. Calculate the remainder when b is divided by 26.
22
Suppose -4*u = 4*p - 24, -p - 4*u = 4*p - 26. Let b be 33/4 + p/(-8). Calculate the remainder when b/(-3)*231/(-44) is divided by 4.
2
Suppose 5327 - 22052 = -25*i. What is the remainder when i is divided by 24?
21
Calculate the remainder when 29 is divided by 50/15 - (-20)/12.
4
Let s(v) = -v**3 - 5*v**2 - 3*v + 8. Let z be s(-5). Let y = z + 12. Let f = -18 + y. Calculate the remainder when 33 is divided by f.
16
Suppose -3*u + u = -2*v + 108, -v + 53 = -2*u. What is the remainder when v is divided by 20?
15
Let x = -85 + 115. What is the remainder when 12/x + (-1456)/(-10) is divided by 30?
26
Let g(y) = -2*y**2 + 11*y + y**2 + 3*y**2. Let z = -168 + 191. What is the remainder when g(-10) is divided by z?
21
Suppose -5*f - 1 = -251. Calculate the remainder when f is divided by 31.
19
Suppose -15*d + 3739 = -3476. Calculate the remainder when d is divided by 97.
93
Let z = -12 + 62. Let t be (26 + -26)*2/(-4). Suppose 2*k - 4*k - 4*a + 26 = t, 5*k - a = 65. Calculate the remainder when z is divided by k.
11
Suppose -8 + 78 = -2*f. Let t = 40 + f. What is the remainder when 17 is divided by t?
2
Let f(p) = 91*p + 243. What is the remainder when 254 is divided by f(-2)?
10
Suppose -5*g + 517 = i, g + 1551 = 3*i + 2*g. Calculate the remainder when i is divided by 14.
13
Let r(b) = 12*b + 11. Calculate the remainder when 242 is divided by r(6).
76
Suppose p - 35 = 31. Suppose -3*f + 0*l = -2*l - 56, 0 = -3*f - 3*l + p. Calculate the remainder when 38 is divided by f.
18
Let a(b) = 3*b**3 + 2*b**2 - 7*b + 1. Calculate the remainder when a(3) is divided by 8.
7
Let n(c) = -c**3 - 15*c**2 - 3*c - 21. Let p(l) = -l**2 + 17*l - 15. Let y be p(17). What is the remainder when 63 is divided by n(y)?
15
Suppose -5*w = -5*m - 60, m = 3*m - 4*w + 18. Calculate the remainder when 158/(-3)*(-5)/((-50)/m) is divided by 20.
19
Suppose 5*w + 9 - 64 = 0. Let a(d) = d**3 - 20*d**2 + 16. Let o be a(20). Suppose -12*u + o*u - 76 = 0. What is the remainder when u is divided by w?
8
Let b = -182 - -262. Let j = b + 1. Calculate the remainder when j is divided by 12.
9
Let i = -544 - -914. Let a(n) = -n**2 - 5*n - 3. Let q be a(-3). Suppose 0 = -2*v - q*v + i. What is the remainder when v is divided by 25?
24
Let c = 84 + -73. Calculate the remainder when c is divided by 2.
1
Suppose -182 = -3*x + 151. Suppose 3*n - 7*n - 4*u = -116, 2*u + 26 = n. What is the remainder when x is divided by n?
27
Suppose -3*v + 384 = -84. Suppose 4*b - v = -0*b. What is the remainder when b is divided by 20?
19
Let q be 4/(6/(-3)) + 5. Suppose 0 = -3*a + y - 80, 2*a = -q*a - y - 144. Let d = 81 + a. What is the remainder when d is divided by 19?
15
Suppose 0 = -3*h, 6 = -3*g - 0*h - 5*h. Let d(r) = -2*r**3 - 2*r**2 - 2*r - 3. Let o(w) = 3*w + 4. What is the remainder when o(4) is divided by d(g)?
7
Suppose -26*j - 2822 = -43*j. Calculate the remainder when j is divided by 56.
54
Let n = 30 - 7. Let k(a) = -a. What is the remainder when n is divided by k(-8)?
7
Suppose 10*f = 8*f + 10. Let w(c) = c**3 - 5*c**2 + 3*c + 11. What is the remainder when 74 is divided by w(f)?
22
Let q = -92 + 435. Suppose 5*x = -2*g + q, -2*x - 5*g = -6*x + 248. Calculate the remainder when x is divided by 15.
7
Let y(d) = d + 15. Let h be y(-11). Suppose -4*n = -4*k + 245 + 367, -457 = -3*k + h*n. What is the remainder when k is divided by 39?
38
Calculate the remainder when (-7)/((-21)/496) + (-70)/(-105) is divided by 16.
6
Calculate the remainder when 192 is divided by (-747)/(-24) - 3/24.
6
Suppose -4*k = -9*k - 5*f + 445, 5*k = 2*f + 480. What is the remainder when k is divided by 33?
28
Let h(q) = q**3 + 14*q**2 - 2*q - 2. Let t be h(-7). Suppose -3*m - 94 = -t. Calculate the remainder when m is divided by 45.
42
Suppose 3*i = -0*i + 12. Suppose 18 - 6 = -i*g. Calculate the remainder when 52*(18/(-8) - g) is divided by 14.
11
Let v be (7 + -13)*1/(-3). Suppose 2*y - 15 = 7*y + 3*l, 3*y + 10 = -v*l. Suppose 5*g - 2*g - 51 = y. What is the remainder when 50 is divided by g?
16
Suppose -1 + 4 = 3*k. What is the remainder when 77 is divided by 69/3 - (-5 + k)?
23
Suppose q + 125 = 2*n, -32*n + 35*n - 180 = 3*q. What is the remainder when 182 is divided by n?
52
Let h(i) = i. Let u(x) = 4*x + 10. Let m(g) = -12*h(g) - u(g). Calculate the remainder when m(-8) is divided by 17.
16
Let x(m) = -m**2 + 34*m - 223. What is the remainder when 150 is divided by x(13)?
0
Suppose -81*a + 222 = -75*a. Calculate the remainder when 405 is divided by a.
35
Suppose c = 5*c - 216. Let i = -32 + c. Let u = 101 + i. What is the remainder when u is divided by 31?
30
Let u(g) = g**2 - 9*g - 175. Calculate the remainder when u(-14) is divided by 41.
24
Let b(a) = 8*a + 173. Calculate the remainder when b(-13) is divided by 48.
21
Let p(c) = 39*c**2. Let d(k) = 2*k - 25. Let h be d(12). Calculate the remainder when 114 is divided by p(h).
36
Suppose 0 = i + 4*s + 36, -8 + 58 = -2*i + 3*s. Let j = i + 50. What is the remainder when 63 is divided by j?
19
Let m(c) = -79*c + 242. Let a = 65 - 43. Calculate the remainder when a is divided by m(3).
2
Let g(q) = 174 - q**3 + 2*q - 196 + 5*q + q**2 + 6*q**2. Calculate the remainder when 97 is divided by g(7).
16
Suppose 5*g - 13 = -3. Let k(a) = -5*a + 3*a - a**2 + 4*a**g - 7. What is the remainder when k(-5) is divided by 27?
24
Let f = 133 - 84. Calculate the remainder when f is divided by 17.
15
Let t = 49 + -46. Suppose 4*z + 0*z - 250 = t*q, 0 = 2*z + q - 120. What is the remainder when z is divided by 21?
19
Let z be -4*(6/(-4) - -2). What is the remainder when ((-82)/(-4))/(z/(-12)) is divided by 14?
11
Let k(u) = -u - 18. Let o be k(-19). Suppose -4*q - 23 + 59 = 0. What is the remainder when q is divided by (17 - 13) + (0 - -1*o)?
4
Let l(a) = 4*a**2 - 7*a + 3 - 2 + a**3 - 5. What is the remainder when 9 is divided by l(-5)?
3
Suppose 2120 = 29*n - 780. What is the remainder when 996 is divided by n?
96
Let z = 166 + -114. Calculate the remainder when z is divided by -1*(-3)/(-2)*132/(-18).
8
Suppose 9*v + 14224 = 121*v. What is the remainder when 230 is divided by v?
103
Suppose -2*x + 6*k - 2*k = -24, 3*x - 32 = 2*k. Let p be (4/x)/((-1)/(-60)). Suppose 0 = -3*n + p + 6. What is the remainder when 39 is divided by n?
9
Let q = 56 + -24. What is the remainder when q is divided by ((-12)/(-4))/(2/6)?
5
Suppose 115*p = 116*p - 34. What is the remainder when 117 is divided by p?
15
Let f(s) = 3*s**2 + 12*s + 35. What is the remainder when f(-7) is divided by 55?
43
Let a = -4 - -9. Let v(w) = -17*w + w + 7*w + w**2 + 7*w - 7. Calculate the remainder when 13 is divided by v(a).
5
Suppose 37*k - 440 = 17*k. Calculate the remainder when k is divided by 9.
4
Suppose 13 = -2*w - 43. Let g(d) = -d**3 - 27*d**2 + 26*d - 27. Suppose -13 - 8 = -3*h + 3*m, -2*h + 34 = 3*m. What is the remainder when g(w) is divided by h?
7
Let t be (-3 + 1)*(-2 + -6). Suppose 0 = -v + o + 79, 4 - t = -3*o. Let f = 13 - -8. What is the remainder when v is divided by f?
20
Let q(x) = -x**2 + 2*x + 1. Let w be q(-2). Let i = w + 31. Calculate the remainder when i is divided by 13.
11
Let t = -605 + 661. What is the remainder when t is divided by 15?
11
Suppose 5*i + 11 = -3*t, 2*i + 6*t - 4 = 2*t. Let d(j) = -j**2 - 5*j - 5. Let y be d(i). Calculate the remainder whe